{"id":1317,"date":"2025-05-30T15:29:06","date_gmt":"2025-05-30T13:29:06","guid":{"rendered":"https:\/\/ex3.opalen.net\/?page_id=1317"},"modified":"2025-11-26T16:55:53","modified_gmt":"2025-11-26T15:55:53","slug":"home","status":"publish","type":"page","link":"https:\/\/ex3.opalen.net\/","title":{"rendered":"Home"},"content":{"rendered":"<p><strong>WE DEVELOP, PRODUCE &amp; DELIVER<\/strong><\/p>\n<h2>RUBRIK IN H\u00c4R<\/h2>\n<p>Text in h\u00e4r som passar i sammanhanget<\/p>\n<h6>H\u00c4R SKRIVER MAN N\u00c5GOT<\/h6>\n<p>\t\t\t\t\t\t\t\t\t\t\t\t\t\t\t<img decoding=\"async\" width=\"150\" height=\"150\" src=\"https:\/\/ex3.opalen.net\/wp-content\/uploads\/2023\/11\/5-home.jpg\" alt=\"\" \/>\t\t\t\t\t\t\t\t\t\t\t\t\t\t\t<\/p>\n<h4>Ruth A. Flora<\/h4>\n<h3>You can showcase a client review here. Make it nice and short, then use this button to send them to your reviews or services page.<\/h3>\n<p>\t\t\t\t\t<a href=\"#\"><br \/>\n\t\t\t\t\t\t\t\t\tWhat My Clients Say<br \/>\n\t\t\t\t\t<\/a><br \/>\n\t\t\t\t\t\t\t\t\t\t\t\t\t\t\t<img fetchpriority=\"high\" decoding=\"async\" width=\"860\" height=\"1280\" src=\"https:\/\/ex3.opalen.net\/wp-content\/uploads\/2023\/10\/6-home.jpg\" alt=\"\" \/>\t\t\t\t\t\t\t\t\t\t\t\t\t\t\t<\/p>\n<h4>Dragos Andrei Atudorei<\/h4>\n<h5>WordPress Content Creator<\/h5>\n<h5>Certified Web Designer<\/h5>\n<h5>Incurable Perfectionist<\/h5>\n<h6>WELCOME!<\/h6>\n<h2>My name is Andrei and I am the creator of this template.<\/h2>\n<p>\t\tI gave it my all to make this the best design to start from. <strong>I named it Hope<\/strong>, in honor of my client who inspired me to make it &#8211; her middle name is Hope.<\/p>\n<p>For the first section at the top of the page, I recommend writing something that will <strong>pique the interest<\/strong> of your target audience. Make them <em>curious<\/em> to read more!<\/p>\n<p>These middle sections are the perfect place to introduce yourself, and to perhaps start introducing <strong>your services<\/strong>.The last section below is great for a call to action.<br \/>\n\t\t\t\t\t<a href=\"\/services\/\"><br \/>\n\t\t\t\t\t\t\t\t\tSee My Services<br \/>\n\t\t\t\t\t<\/a><br \/>\n\t\t\t\t\t<a href=\"\/about\/\"><br \/>\n\t\t\t\t\t\t\t\t\tMore About Me<br \/>\n\t\t\t\t\t<\/a><\/p>\n<h2>Insert a call to action<\/h2>\n<h3>Think of what you want your visitor to do next. Maybe they should contact you?<\/h3>\n<p>\t\t\t\t\t<a href=\"\/contact\/\"><br \/>\n\t\t\t\t\t\t\t\t\tGet In Touch<br \/>\n\t\t\t\t\t<\/a><\/p>\n","protected":false},"excerpt":{"rendered":"<p>WE DEVELOP, PRODUCE &amp; DELIVER RUBRIK IN H\u00c4R Text in h\u00e4r som passar i sammanhanget H\u00c4R SKRIVER MAN N\u00c5GOT Ruth A. Flora You can showcase a client review here. Make it nice and short, then use this button to send them to your reviews or services page. What My Clients Say Dragos Andrei Atudorei WordPress [&hellip;]<\/p>\n","protected":false},"author":2,"featured_media":0,"parent":0,"menu_order":0,"comment_status":"closed","ping_status":"closed","template":"","meta":{"site-sidebar-layout":"no-sidebar","site-content-layout":"page-builder","ast-site-content-layout":"full-width-container","site-content-style":"unboxed","site-sidebar-style":"unboxed","ast-global-header-display":"","ast-banner-title-visibility":"","ast-main-header-display":"","ast-hfb-above-header-display":"","ast-hfb-below-header-display":"","ast-hfb-mobile-header-display":"","site-post-title":"disabled","ast-breadcrumbs-content":"","ast-featured-img":"disabled","footer-sml-layout":"","theme-transparent-header-meta":"enabled","adv-header-id-meta":"","stick-header-meta":"","header-above-stick-meta":"","header-main-stick-meta":"","header-below-stick-meta":"","astra-migrate-meta-layouts":"set","ast-page-background-enabled":"default","ast-page-background-meta":{"desktop":{"background-color":"var(--ast-global-color-4)","background-image":"","background-repeat":"repeat","background-position":"center center","background-size":"auto","background-attachment":"scroll","background-type":"","background-media":"","overlay-type":"","overlay-color":"","overlay-opacity":"","overlay-gradient":""},"tablet":{"background-color":"","background-image":"","background-repeat":"repeat","background-position":"center center","background-size":"auto","background-attachment":"scroll","background-type":"","background-media":"","overlay-type":"","overlay-color":"","overlay-opacity":"","overlay-gradient":""},"mobile":{"background-color":"","background-image":"","background-repeat":"repeat","background-position":"center center","background-size":"auto","background-attachment":"scroll","background-type":"","background-media":"","overlay-type":"","overlay-color":"","overlay-opacity":"","overlay-gradient":""}},"ast-content-background-meta":{"desktop":{"background-color":"var(--ast-global-color-5)","background-image":"","background-repeat":"repeat","background-position":"center center","background-size":"auto","background-attachment":"scroll","background-type":"","background-media":"","overlay-type":"","overlay-color":"","overlay-opacity":"","overlay-gradient":""},"tablet":{"background-color":"var(--ast-global-color-5)","background-image":"","background-repeat":"repeat","background-position":"center center","background-size":"auto","background-attachment":"scroll","background-type":"","background-media":"","overlay-type":"","overlay-color":"","overlay-opacity":"","overlay-gradient":""},"mobile":{"background-color":"var(--ast-global-color-5)","background-image":"","background-repeat":"repeat","background-position":"center center","background-size":"auto","background-attachment":"scroll","background-type":"","background-media":"","overlay-type":"","overlay-color":"","overlay-opacity":"","overlay-gradient":""}},"footnotes":""},"class_list":["post-1317","page","type-page","status-publish","hentry"],"_links":{"self":[{"href":"https:\/\/ex3.opalen.net\/index.php?rest_route=\/wp\/v2\/pages\/1317","targetHints":{"allow":["GET"]}}],"collection":[{"href":"https:\/\/ex3.opalen.net\/index.php?rest_route=\/wp\/v2\/pages"}],"about":[{"href":"https:\/\/ex3.opalen.net\/index.php?rest_route=\/wp\/v2\/types\/page"}],"author":[{"embeddable":true,"href":"https:\/\/ex3.opalen.net\/index.php?rest_route=\/wp\/v2\/users\/2"}],"replies":[{"embeddable":true,"href":"https:\/\/ex3.opalen.net\/index.php?rest_route=%2Fwp%2Fv2%2Fcomments&post=1317"}],"version-history":[{"count":25,"href":"https:\/\/ex3.opalen.net\/index.php?rest_route=\/wp\/v2\/pages\/1317\/revisions"}],"predecessor-version":[{"id":4400,"href":"https:\/\/ex3.opalen.net\/index.php?rest_route=\/wp\/v2\/pages\/1317\/revisions\/4400"}],"wp:attachment":[{"href":"https:\/\/ex3.opalen.net\/index.php?rest_route=%2Fwp%2Fv2%2Fmedia&parent=1317"}],"curies":[{"name":"wp","href":"https:\/\/api.w.org\/{rel}","templated":true}]}}